p) = 24*p**2 - 7*p + 67. Let o(u) = u**3 + 5*u**2 - 2*u - 5. Let c be o(-5). What are the prime factors of g(c)?
2, 79
Let m(o) = -5*o**3 + 12*o**2 + 204*o + 1687. List the prime factors of m(-9).
2, 1117
Let o(l) be the second derivative of 19*l**4/12 + 2*l**3/3 + 15*l**2/2 - 23*l + 2. List the prime factors of o(4).
5, 67
Let o(i) = -31903*i**3 - 3*i**2 + 9*i + 11. List the prime factors of o(-1).
2, 3, 13, 409
Let d(n) = 1055*n + 5463. What are the prime factors of d(17)?
2, 11699
Suppose 11*v - 6*i - 588197 = -4*i, 2*v - 106958 = -4*i. What are the prime factors of v?
7, 7639
What are the prime factors of 11/(-2 - 3 - 7788/(-1557))?
3, 11, 173
Let x(l) = l**2 - l - 1. Let a(y) = y**3 + 3*y**2 - 30*y - 106. Let b(j) = -a(j) - 3*x(j). List the prime factors of b(-13).
863
Let b be (1 - 2)/((-3)/(-417)). Let x = b - -194. List the prime factors of x.
5, 11
Let k(c) = 289*c + 717. List the prime factors of k(10).
3607
Let y(h) = -h**3 + 23*h**2 + 3*h - 40. Let s be y(23). Suppose 0 = 4*x + 55 - 11. Let j = x + s. List the prime factors of j.
2, 3
Let r(l) = -2390*l + 802. What are the prime factors of r(-4)?
2, 3, 11, 157
Let c = -1943 + 16755. What are the prime factors of c?
2, 7, 23
Suppose 69 + 162 = 7*m. Suppose 11*d = 22 + m. Suppose -k + 760 = d*h, 2*h + 2*k = h + 161. What are the prime factors of h?
151
Let q(k) = k**2 - 5*k - 56. Let w be q(10). What are the prime factors of (w/(-5))/(6/1650)?
2, 3, 5, 11
Let g be (-32)/48 + (-1066)/(-6). Let m = g - -142. What are the prime factors of m?
11, 29
Suppose 92 = 4*u + 52. Let i(j) = 112*j - 28. What are the prime factors of i(u)?
2, 3, 7, 13
Let x = 326 + -338. What are the prime factors of (-38055)/(-90) - 2/x - -4?
7, 61
Let x(d) = 2*d**3 - 25*d**2 - 17*d - 55. What are the prime factors of x(24)?
5, 2557
Let m = 2880 + -1860. Suppose 13*h = 18*h - 20, -m = -2*l + 4*h. List the prime factors of l.
2, 7, 37
Let t(k) = k**2 - 2*k - 30. Let n be t(-5). Suppose -n*i = -9*i + 9*i. Suppose 6*u - 486 = -i*u. List the prime factors of u.
3
Suppose 33180 = 3*i - 52*c + 54*c, 5*i - 2*c - 55284 = 0. Suppose -8936 - i = -13*d. What are the prime factors of d?
2, 769
Let y = -1594 - -10234. List the prime factors of y.
2, 3, 5
Let b = 145 - 225. Let v = 77 + b. What are the prime factors of 1/v*-5 + 8/24?
2
Let l be 1/(-4 - 9/(-3))*-1. Let c(p) = 18*p + 13*p**3 - 2 - 12*p**3 - 12*p**2 - l. What are the prime factors of c(11)?
2, 37
Let u = 21849 + 6618. What are the prime factors of u?
3, 3163
Suppose -1647600 = -411*t + 311*t. List the prime factors of t.
2, 3, 1373
Let u = 76 - 74. Suppose u*l = 7 - 3. Suppose 5*b - l*b + 5*c = 262, 0 = -4*b - c + 355. What are the prime factors of b?
89
Suppose -971*f = -970*f - 21330. Suppose -18*o - 9*o + f = 0. What are the prime factors of o?
2, 5, 79
Suppose 0*k - 4*k - 141 = s, 5*k - 338 = 3*s. Let y = s + 267. List the prime factors of y.
2, 73
Let f be 12/54 - (-716)/18. Let a = f + -50. List the prime factors of (-476)/(-6) - a/(-30).
79
Suppose 2 = 2*r - 52. Let v = 1 + r. Suppose 32*y = v*y + 196. What are the prime factors of y?
7
Let n = -43779 + 64020. List the prime factors of n.
3, 13, 173
Let j be ((-14)/(56/(-9)))/(6/(-16)). What are the prime factors of (-6)/(j/(-191))*-1*9?
3, 191
Let x = -61 - -46. Let y(b) = b**3 + 16*b**2 + 21*b - 5. Let q be y(x). List the prime factors of -30*(12/54 + q/9).
2, 5, 31
List the prime factors of (-210114)/(-32) + 3 - (-6)/(-96).
6569
Let o = -6513 + 48944. What are the prime factors of o?
151, 281
Let b(v) = v**3 + 15*v**2 + 13*v + 3. Let k be b(-14). Let n = 32 - k. Suppose 0 = -n*z + 9*z + 354. What are the prime factors of z?
59
Suppose q + 6 = 5*q + x, 4*q + 2*x - 4 = 0. Suppose 2*z - 27 = -3*j, -3*j = -4*z + q*j - 1. What are the prime factors of z?
2, 3
Let a = 7236 - -28333. List the prime factors of a.
35569
Suppose -g = u - 6958, -3*g - 25515 = -4*u + 2352. List the prime factors of u.
3, 11, 211
Suppose 2*q + 143190 = 5*u, -28645 = 213*u - 214*u - q. What are the prime factors of u?
2, 5, 179
Let f = 896 + 10570. What are the prime factors of f?
2, 3, 7, 13
Let t(g) = g**2 + 181*g + 329. List the prime factors of t(51).
12161
Let o = -11449 - -20688. What are the prime factors of o?
9239
Let s(f) = f**2 + f - 1. Let l(g) = -g**3 + 10*g**2 + 7*g - 13. Let x(o) = l(o) - 5*s(o). Let i be x(5). What are the prime factors of i*4*(-8)/(128/(-12))?
2, 3
Let v(h) be the first derivative of -7*h**2 - 45*h - 9. Let u be v(-10). Suppose -420 + u = -5*o. What are the prime factors of o?
5, 13
Suppose -78792*w = -78774*w - 212346. What are the prime factors of w?
47, 251
Suppose 0 = 3*x - 62 + 47. Suppose -1382 = -4*s + x*h, 0*s - 1380 = -4*s + 4*h. What are the prime factors of s?
7
Suppose 3*a - 43 = 2*s, -5*s = 2 - 7. Let q = 122 - a. What are the prime factors of q?
107
Let q(h) = -3*h. Let k(m) = -37*m + 220. Let g(j) = k(j) + 3*q(j). What are the prime factors of g(-8)?
2, 3, 7
Suppose 22 - 100 = -26*o. Suppose 0 = o*r - 19*n + 20*n - 6058, r - 2022 = -3*n. List the prime factors of r.
3, 673
Suppose 6*p = 2*b + 2*p - 1340, 2680 = 4*b - 5*p. Let a = b - 556. What are the prime factors of a?
2, 3, 19
Suppose -3*u = 2*r - 427 + 1947, 0 = -2*r + 10. What are the prime factors of -6*u/9 + -1?
3, 113
What are the prime factors of ((-23010)/(-260))/((-3)/(-2326))?
59, 1163
What are the prime factors of (-30)/(-12)*(396280/100 - (1 - 1))?
9907
Let t = -57 + 54. Let f(u) = u - 3. Let a be f(t). List the prime factors of (-3)/(a/32)*8/16.
2
Let x(o) = -o**3 - 13*o**2 - 13*o - 14. Let k be x(-12). List the prime factors of (-4)/(k - 855/(-430)).
2, 43
Suppose -20*g - 6707 = -21*g + d, 0 = 5*g - 3*d - 33527. What are the prime factors of g?
6703
Let i(t) = t**2 + 2*t - 1. Let w be i(-2). Let a(u) = -2*u**2 - 2*u + 7. Let m(z) = -1. Let l(j) = w*a(j) - 6*m(j). What are the prime factors of l(6)?
83
Let g = 161 + -161. Suppose 5*o - 619 - 4911 = g. List the prime factors of o.
2, 7, 79
Let b = -197 + 217. Let y(d) = 35*d + 46. List the prime factors of y(b).
2, 373
Let b = -37 - -47. Suppose 0 = b*y - 13*y + 24. Let a = 4 + y. List the prime factors of a.
2, 3
Let u(m) = -33*m + 30. Suppose -30 = 25*d - 20*d. List the prime factors of u(d).
2, 3, 19
Let x be -3 - 30/(1 + -7). Suppose -y - 712 = -x*q, 5*y + 0*y + 1790 = 5*q. List the prime factors of q.
2, 3, 59
Let u = 161 + -174. Let j(i) = -3*i**3 - 34*i**2 + 28*i + 30. List the prime factors of j(u).
7, 73
Let u(a) = 2*a**2 - 43*a - 36. Let i be u(-28). Let z = -1529 + i. What are the prime factors of z?
17, 71
Let f(t) be the second derivative of t**5/20 + t**4/12 - 3*t**3/2 + 2*t**2 + 12*t. Let g be f(-3). Suppose 6*b = g*b - 623. List the prime factors of b.
89
Let q(n) = -2 + 4*n**2 + 2 + 4*n - n - 8*n + 1. Let g be 6/(-9) + (-20)/(-3). What are the prime factors of q(g)?
5, 23
Let i(m) = -2*m**3 + 119*m**2 - 249*m - 93. List the prime factors of i(37).
3, 13, 149
Let l(w) be the first derivative of 4*w**3/3 + 5*w**2/2 - w - 9. Let f be l(-3). Let t = 81 - f. What are the prime factors of t?
61
Suppose q = 6*q - 15. Suppose 423 = q*o + l - 69, -2*o + 5*l + 345 = 0. Suppose -120 = -2*s - 4*h, 4*h = 3*s - 5 - o. What are the prime factors of s?
2, 29
Suppose -27 = 2*f - 41. Let u(z) = 2*z**3 - 12*z**2 + 12*z - 8. Let i be u(f). What are the prime factors of (-4)/(-2) - (-4 - (i + -1))?
179
Let i(x) = -9 + 18*x**2 + 5*x - 4*x + 5*x + x. Let l be i(2). Let n = 31 + l. What are the prime factors of n?
2, 3
Suppose 80039 = l - 3*a - 13650, -5*a + 187279 = 2*l. What are the prime factors of l?
2, 46831
Let a = 13 + -58. What are the prime factors of (-3)/a*-6 - (-3734)/10?
373
What are the prime factors of 92/2*(-12 + (-5096)/(-16))?
23, 613
Suppose 4 = -0*c - 2*c, 2*c = d - 4. Let g(s) = 1 + d*s - 2 + 5*s - s. List the prime factors of g(17).
67
Suppose 12*p - 7*p - 7*p = -10066. List the prime factors of p.
7, 719
Let t = 14865 - 2891. What are the prime factors of t?
2, 5987
Let z = 782 - 1144. Let g = 541 + z. Suppose -4*l + 315 = l + 5*i, 2*i = 3*l - g. What are the prime factors of l?
61
Let x(u) = u**2 - 24*u - 874. List the prime factors of x(-54).
2, 1669
Let o = 19 - 14. Suppose 0 = o*x - x. Let n(a) = -a + 28. List the prime factors of n(x).
2, 7
Suppo